 = -7*f - 12. Suppose 481 - l = -7*u. What is the remainder when u is divided by 16?
8
Let k(g) = 9*g - 73. Let q be k(12). Suppose d - 5 = 0, -m + q*d - 31*d + 28 = 0. What is the remainder when 142 is divided by m?
46
Suppose 0 = 6*p - 7*p + 4*j - 142, -25 = 5*j. Let y = -152 - p. Calculate the remainder when 99 is divided by y.
9
Let a(q) = 5*q**2 + q - 7. Let n(p) = p**2 - 18*p + 13. Let t be n(17). What is the remainder when 271 is divided by a(t)?
64
Let v = 203 - 69. Suppose -v*g + 130*g = -132. Calculate the remainder when 127 is divided by g.
28
Let n(x) = x. Let z be n(0). Suppose -4*u - u - s + 630 = z, -2*u = -2*s - 240. Calculate the remainder when u is divided by (6*3/9)/((-1)/(-16)).
29
Let i(o) = 2*o**3 + 11*o**2 + 4*o - 10. Let d be i(-5). Let w(x) = -x**3 - 4*x**2 + 2*x + 7. Calculate the remainder when w(d) is divided by 14.
8
Let w(c) = c**3 - c**2 + 6. Let p be w(0). Let b = 0 + p. Suppose -5*r + 5*h = -55, 8*h = -r + 6*h + 2. Calculate the remainder when r is divided by b.
2
Let x = -19911 - -22698. Calculate the remainder when x is divided by 200.
187
Suppose 362*n - 361*n - 63 = 0. What is the remainder when 39 is divided by (-133)/38*(-6)/n*24?
7
Calculate the remainder when 384 is divided by 72 + 2/18 + 264/54 + -5.
24
Let i be 1/(-5) + 231/55 + -6. What is the remainder when 48 is divided by (104/(-12))/(i/3)?
9
Let b = 63 - 25. Let s = 11137 + -11133. Calculate the remainder when b is divided by s.
2
Suppose 0 = 5*k - 9*k + 4. Let f(b) be the second derivative of 7*b**4/6 - b**2/2 + 23*b. What is the remainder when 50 is divided by f(k)?
11
Let o(x) = 10*x**2 - 7*x - 14. Let j be o(-2). Suppose -13*c + 287 - j = 0. Calculate the remainder when 56 is divided by c.
18
Suppose -6*t - 234 = -2*z - t, -z = 3*t - 150. What is the remainder when 260 is divided by z?
128
Let x = 113 + 330. Let r = -363 + x. Calculate the remainder when r is divided by 29.
22
Let o be 7/(-70) - (-82)/20. Suppose 3*r - 2 = 6*r - o*y, -4*r = -3*y - 9. Calculate the remainder when 15 is divided by r.
3
Suppose 0*l + l = 5*k - 282, 4*k + 5*l - 214 = 0. Suppose 694 = 5*x + 154. What is the remainder when x is divided by k?
52
Let g = -1409 + 1418. Calculate the remainder when 42 is divided by g.
6
Let f = -22 - -79. What is the remainder when f is divided by (-3 + 1)*255/(-30)?
6
What is the remainder when 742 is divided by ((-34881)/132)/(77/(-44))?
138
Let z(n) = -127*n - 162. What is the remainder when z(-7) is divided by 182?
181
Suppose -11*k = -22*k + 440. Suppose m + f = 29, 4*f + 16 = -4. What is the remainder when k is divided by m?
6
Suppose 220 = 4*t + 2*d, -2799 = 3*t - 5*d - 2951. What is the remainder when 710 is divided by t?
8
Let i = -101 + 160. What is the remainder when ((-12)/(-15) - 19688/(-115))*(-2 - -3) is divided by i?
54
What is the remainder when 247 is divided by (22/(-253) - 2214/(-69))/(4/8)?
55
Suppose 2*o + 3*h - 581 = 0, 18*h = -o + 15*h + 289. Calculate the remainder when o is divided by 41.
5
Let y(d) = 267*d + 9 - 268*d + 27. Calculate the remainder when 131 is divided by y(9).
23
Calculate the remainder when (18 + (-5 - -3))*(-21 + 84) is divided by 146.
132
Suppose 0 = -111*o - 729 + 4725. What is the remainder when 319 is divided by o?
31
What is the remainder when 161 is divided by (-5616)/(-1080)*30/4?
5
Let f = -103 - -111. Let y be (-54)/12*f/(-6). Suppose -12*v + y*v = -48. Calculate the remainder when 44 is divided by v.
4
Suppose 32*m - 50 + 530 = 0. What is the remainder when (-3)/6*(-135 - -1) is divided by ((-51)/(-9))/(m/(-45))?
16
Let y(q) = 20*q - 2. Suppose 19*a - 1545 - 1035 = 4*a. What is the remainder when a is divided by y(3)?
56
Suppose -2*x + 52 - 20 = 0. Suppose 168 = x*f - 10*f. Suppose -2*u = -2*r - 210, -3*u = 2*u - 3*r - 533. Calculate the remainder when u is divided by f.
25
Let o(q) = q + 11. Let r be o(15). Let y = r + 2. What is the remainder when y is divided by ((-22)/(-4))/((-1)/(-2))?
6
Let w(g) = 75*g + 889. Calculate the remainder when 695 is divided by w(-11).
55
Suppose -3*o + 0*o = -3*q - 189, -4*o + 282 = 2*q. Suppose 74 - 182 = -4*g + 2*j, 4*g = -3*j + 108. Calculate the remainder when o is divided by g.
14
Suppose 748 = 78*q - 56*q. Suppose -8 = -2*w, -2*g = -3*w - q - 20. What is the remainder when 160 is divided by g?
28
Let o(b) = 2 + 2 + 3*b + 2 + 11. Let n be o(-7). What is the remainder when -2 + 0 - ((-74)/2 - n) is divided by 8?
7
Let o(m) = -7*m**3 - 158*m**2 + 61*m - 1. Calculate the remainder when 411 is divided by o(-23).
45
Suppose 33*p = 28*p - 9565. Let m = -1328 - p. Calculate the remainder when 16/(-40)*m/(-6)*2 is divided by 16.
14
Suppose -12*a - 2362 + 4258 = 0. Calculate the remainder when a is divided by 8.
6
Let i(x) = x**3 + 4*x**2 - 10*x + 18. Let w be i(-6). Suppose -20*l + 23*l = 3*c - 159, 0 = 3*l - w. What is the remainder when c is divided by 47?
8
Let f be 2/(4*(-3)/(-24)). Suppose 535 - 71 = f*i + q, 0 = -4*q + 16. Calculate the remainder when i is divided by (22/(-5) - -5)*65*1.
37
Let g(s) = -3*s**3 - 11*s**2 - s + 29. Let z(t) = 147*t - 1. Let i be 4/(-8)*(-5 + 3). Calculate the remainder when z(i) is divided by g(-4).
48
Suppose 4*h - 160 = -0*h. Let o = h - 6. Let c = 254 - 89. What is the remainder when c is divided by o?
29
Let o = 473 + -475. What is the remainder when (13*o/4)/((-3)/138) is divided by 20?
19
Let q(d) = 9*d**2 - 117*d + 117. Calculate the remainder when 3822 is divided by q(1).
6
Let b(s) = -s**3 - 10*s**2 - 5*s - 31. Let v(i) = i**3 - 4*i**2 - 14*i + 2. Let z be v(6). What is the remainder when 36 is divided by b(z)?
17
Let w(q) = 2*q**2 + 9*q - 75. What is the remainder when 15807 is divided by w(6)?
48
Suppose -11 - 33 = -4*m. Let i(u) = 4*u**2 - 121*u + 49. What is the remainder when i(32) is divided by m?
9
Suppose -6*i + 3*i = -441. Suppose 4*u - 47737 = -47677. Calculate the remainder when i is divided by u.
12
Let u(k) = k**3 - 22*k**2 + k + 3. Let h be u(22). Suppose m - 12 = h. What is the remainder when m is divided by 13?
11
Suppose -2*l + 13 = -17. Suppose 0 = 15*d - 10*d - l. Suppose 0*v - d*v + 73 = k, 54 = 2*v + 2*k. Calculate the remainder when 206 is divided by v.
22
Suppose 89*q - 18 = 80*q. Suppose q*l = 5*f - 115, 3*f + l + 45 = 5*f. What is the remainder when f is divided by 18?
7
Let c(f) = -f**2 + 19*f + 4. Let n be c(22). Calculate the remainder when 4 + (1 - 2 - (n - -37)) is divided by 14.
0
Suppose 4*x = -5*z - 102 + 424, -z = 5*x - 77. Suppose -17 = -4*d - 3*k + z, -k - 11 = -d. What is the remainder when (-7 - -4)/(6/(-88)) is divided by d?
12
Let x = -10 + 3. Let j be (-1)/6 + (-651)/144*-8. Calculate the remainder when 50 is divided by j/7*x/(-2).
14
Suppose 3*x + 4*s + 78 + 136 = 0, -4*x + 4*s - 276 = 0. Let v be (x/3)/((-3)/9). Suppose 12*h - v = 10*h. Calculate the remainder when h is divided by 13.
9
Let m(u) = u**3 - 3*u**2 + 3*u + 4. Let x be m(4). Suppose -2*i + 4*i = x. Suppose d + 229 = 5*o, d - 4*d = -3. What is the remainder when o is divided by i?
14
Let j(b) = 2*b - 38. Let c be j(22). Suppose -142 = -n + c. Let p = n + -86. What is the remainder when p is divided by 32?
30
Let j(r) = 3*r - 3*r**2 - 1 + r**2 + 4*r**2. Suppose 2*g = u, -5*g + 2*u = -4 + 3. What is the remainder when 7 is divided by j(g)?
3
Let d(r) = -r**2 + 93*r - 1168. Calculate the remainder when d(73) is divided by 65.
32
Let f = 205 + -198. Suppose -f*r + 9*r - 212 = 0. Calculate the remainder when r is divided by 27.
25
Suppose 8*p + 14*p = 374. Let r(t) be the second derivative of 95*t**4/4 - t**3/3 + 3*t**2/2 - 3*t. Calculate the remainder when r(1) is divided by p.
14
Suppose -8*d - 8*d = 5*d. Suppose -2*j - 10 = 0, -3*j - 7 = 4*o - d. What is the remainder when 7 is divided by o?
1
Let m = -58 + 70. Suppose 13*f - 57 = m*f. Suppose -3*n + f = -0*k + 5*k, 34 = 2*n + 2*k. What is the remainder when 38 is divided by n?
10
Let n(u) = -39*u - 938. What is the remainder when 136 is divided by n(-27)?
21
Let a(m) = 145*m**2 + 4*m. Let d be a(-2). Let t(n) = -3*n + 6. Calculate the remainder when d/19 - (6/57 - 0) is divided by t(-4).
12
Let u(d) = -6*d - 2. Let m(c) = -c**2 - 3*c + 4. Let g be m(8). Let s = g + 76. What is the remainder when u(s) is divided by 24?
22
Let b = 1937 - 1914. Calcul